What is the thousands digit of 357063?
7
What is the thousands digit of 2257676?
7
What is the thousands digit of 111316?
1
What is the ten thousands digit of 33025?
3
What is the thousands digit of 10966148?
6
What is the units digit of 6749593?
3
What is the units digit of 758198?
8
What is the tens digit of 19311525?
2
What is the ten thousands digit of 261396?
6
What is the hundreds digit of 327617?
6
What is the ten thousands digit of 75945?
7
What is the hundred thousands digit of 5582275?
5
What is the ten thousands digit of 12274328?
7
What is the hundred thousands digit of 2009447?
0
What is the thousands digit of 13866050?
6
What is the thousands digit of 216015?
6
What is the hundreds digit of 11449?
4
What is the tens digit of 441116?
1
What is the hundreds digit of 906920?
9
What is the hundreds digit of 9000039?
0
What is the hundred thousands digit of 41438824?
4
What is the tens digit of 9228803?
0
What is the ten millions digit of 15369225?
1
What is the units digit of 1622030?
0
What is the hundreds digit of 2057114?
1
What is the units digit of 25624434?
4
What is the tens digit of 80973?
7
What is the units digit of 25291106?
6
What is the ten thousands digit of 24844?
2
What is the ten thousands digit of 2393652?
9
What is the millions digit of 2293885?
2
What is the hundred thousands digit of 4756679?
7
What is the ten thousands digit of 22124235?
2
What is the tens digit of 243954?
5
What is the tens digit of 352280?
8
What is the ten thousands digit of 843061?
4
What is the ten thousands digit of 662901?
6
What is the thousands digit of 2915048?
5
What is the hundred thousands digit of 4122329?
1
What is the ten thousands digit of 1460151?
6
What is the thousands digit of 650734?
0
What is the hundred thousands digit of 10546550?
5
What is the tens digit of 2232?
3
What is the tens digit of 547266?
6
What is the hundred thousands digit of 1020241?
0
What is the hundreds digit of 2186501?
5
What is the thousands digit of 4863808?
3
What is the hundreds digit of 159954?
9
What is the hundreds digit of 3459063?
0
What is the hundred thousands digit of 356040?
3
What is the units digit of 887988?
8
What is the thousands digit of 2312207?
2
What is the hundred thousands digit of 7745202?
7
What is the ten thousands digit of 181722?
8
What is the units digit of 14149678?
8
What is the millions digit of 8009218?
8
What is the hundred thousands digit of 28697601?
6
What is the tens digit of 220280?
8
What is the units digit of 6121783?
3
What is the ten thousands digit of 1500633?
0
What is the millions digit of 1139593?
1
What is the tens digit of 7909968?
6
What is the units digit of 3396368?
8
What is the ten thousands digit of 381039?
8
What is the millions digit of 2942148?
2
What is the ten thousands digit of 1736281?
3
What is the hundred thousands digit of 2111354?
1
What is the ten thousands digit of 84398?
8
What is the units digit of 28215081?
1
What is the hundreds digit of 839945?
9
What is the hundred thousands digit of 771896?
7
What is the ten thousands digit of 4020490?
2
What is the ten thousands digit of 269518?
6
What is the hundred thousands digit of 593705?
5
What is the tens digit of 7782019?
1
What is the thousands digit of 558577?
8
What is the millions digit of 9461339?
9
What is the hundred thousands digit of 1959386?
9
What is the units digit of 1357248?
8
What is the hundreds digit of 82690?
6
What is the hundred thousands digit of 129794?
1
What is the hundred thousands digit of 563707?
5
What is the hundreds digit of 8637043?
0
What is the ten millions digit of 16355411?
1
What is the millions digit of 16112510?
6
What is the ten thousands digit of 2544376?
4
What is the units digit of 3370827?
7
What is the units digit of 12395227?
7
What is the units digit of 633506?
6
What is the tens digit of 84918?
1
What is the hundreds digit of 4059126?
1
What is the units digit of 64948?
8
What is the hundred thousands digit of 433900?
4
What is the ten thousands digit of 284732?
8
What is the tens digit of 1945288?
8
What is the hundreds digit of 6665388?
3
What is the hundred thousands digit of 670428?
6
What is the hundred thousands digit of 3108338?
1
What is the hundreds digit of 31001860?
8
What is the hundreds digit of 2365354?
3
What is the thousands digit of 2472371?
2
What is the hundreds digit of 3074805?
8
What is the hundred thousands digit of 4021649?
0
What is the ten thousands digit of 14962529?
6
What is the ten thousands digit of 512044?
1
What is the thousands digit of 23426?
3
What is the hundreds digit of 15754730?
7
What is the thousands digit of 44798?
4
What is the ten thousands digit of 755764?
5
What is the thousands digit of 5656967?
6
What is the ten millions digit of 34548491?
3
What is the ten thousands digit of 265617?
6
What is the ten thousands digit of 1084528?
8
What is the thousands digit of 128930?
8
What is the millions digit of 16906413?
6
What is the hundred thousands digit of 341954?
3
What is the tens digit of 500794?
9
What is the hundred thousands digit of 5146601?
1
What is the tens digit of 1389516?
1
What is the ten thousands digit of 960076?
6
What is the hundred thousands digit of 3134080?
1
What is the tens digit of 1104680?
8
What is the hundred thousands digit of 216414?
2
What is the thousands digit of 95025?
5
What is the ten thousands digit of 8714505?
1
What is the ten millions digit of 16093935?
1
What is the millions digit of 1318063?
1
What is the thousands digit of 151253?
1
What is the units digit of 126095?
5
What is the thousands digit of 888475?
8
What is the ten thousands digit of 472097?
7
What is the units digit of 53861?
1
What is the hundreds digit of 787539?
5
What is the tens digit of 464474?
7
What is the ten millions digit of 14874537?
1
What is the thousands digit of 1113140?
3
What is the ten thousands digit of 1039756?
3
What is the millions digit of 1345750?
1
What is the ten millions digit of 14117621?
1
What is the thousands digit of 3969919?
9
What is the thousands digit of 1067035?
7
What is the tens digit of 80655?
5
What is the hundreds digit of 3621557?
5
What is the units digit of 37027?
7
What is the ten thousands digit of 8159835?
5
What is the units digit of 5642747?
7
What is the hundreds digit of 1908744?
7
What is the units digit of 123881?
1
What is the ten thousands digit of 277105?
7
What is the hundred thousands digit of 405014?
4
What is the thousands digit of 1026422?
6
What is the hundreds digit of 919236?
2
What is the tens digit of 3455164?
6
What is the hundreds digit of 47933?
9
What is the millions digit of 19879751?
9
What is the hundred thousands digit of 4996272?
9
What is the units digit of 322941?
1
What is the thousands digit of 6870074?
0
What is the hundred thousands digit of 1692065?
6
What is the millions digit of 2687440?
2
What is the ten millions digit of 16937204?
1
What is the units digit of 42666?
6
What is the units digit of 768893?
3
What is the thousands digit of 96210?
6
What is the tens digit of 246224?
2
What is the tens digit of 117611?
1
What is the units digit of 169014?
4
What is the hundreds digit of 780110?
1
What is the tens digit of 424423?
2
What is the hundred thousands digit of 3969816?
9
What is the tens digit of 258075?
7
What is the hundred thousands digit of 3665147?
6
What is the millions digit of 1346205?
1
What is the hundred thousands digit of 387724?
3
What is the thousands digit of 2332077?
2
What is the units digit of 23093?
3
What is the units digit of 81140?
0
What is the tens digit of 478944?
4
What is the units digit of 3476677?
7
What is the thousands digit of 12143097?
3
What is the hundreds digit of 592055?
0
What is the thousands digit of 17873692?
3
What is the units digit of 2926958?
8
What is the hundred thousands digit of 670178?
6
What is the ten thousands digit of 6807955?
0
What is the tens digit of 86845?
4
What is the thousands digit of 8165793?
5
What is the ten thousands digit of 524604?
2
What is the thousands digit of 78508?
8
What is the units digit of 7426813?
3
What is the ten thousands digit of 205152?
0
What is the hundreds digit of 5509499?
4
What is the thousands digit of 2707025?
7
What is the millions digit of 9840552?
9
What i